- 16 = 0, -f - i*a + 34 = -0*f. What is the units digit of f?
9
Suppose -6*y + 3*y = 0. Suppose y = 5*m + 173 - 58. Let i = -16 - m. What is the units digit of i?
7
Suppose -5*p = -118 - 132. What is the units digit of p?
0
Let p(h) = -h**3 + 4*h**2 + 5*h + 5. Let l be p(5). Suppose -l*a + 2*y + 33 = 0, 0*a + 5*y = 2*a - 9. What is the units digit of a?
7
Let i be 2/7 + (-270)/63. What is the units digit of 4 - (-34 + 3 + i)?
9
What is the units digit of ((-592)/20)/((-4)/10)?
4
Suppose 3*h = -0 + 81. What is the tens digit of h?
2
Let k = 5 - 5. Suppose 0 = -k*d + 3*d - 3. What is the units digit of d?
1
Suppose 3*s - 9 = -4*y, 3*s - 5*y = 2*s + 3. Suppose -s*b + 5*h = -5*b + 34, -2*b + 46 = -h. What is the tens digit of b?
2
Suppose -30 = 3*t + 6. What is the units digit of (0 - 8/t)*6?
4
Let w(r) = -r**3 - r**2 + r + 7. Let z be w(0). Suppose -c - 5*n - 29 = -7, 0 = -c + 2*n + 13. Suppose 0 = z*l - c*l - 20. What is the units digit of l?
5
Let n(s) = 4*s**2 - 5*s. Let y be n(-4). Let u = -33 + y. What is the tens digit of u?
5
Let f = 0 + 81. What is the units digit of f?
1
What is the tens digit of 55 - (-2 - 16/(-4))?
5
Suppose -4*f - 3*t = -132, 0*t - 8 = -2*t. What is the tens digit of f?
3
Let s(i) = i. Let f be s(8). Suppose 3*p = 7*p - f. Suppose -p*c = -6*c + 8. What is the units digit of c?
2
What is the tens digit of (-2 + -12)*(15/(-6) + -3)?
7
Suppose -h - h = -132. Suppose -4*t = -2*l - 194, 0 = t - l + 4*l - h. What is the units digit of t?
1
Let g = 17 + 25. What is the tens digit of g?
4
Let x be (2/5)/((-3)/(-15)). Let n = 12 - x. What is the units digit of n?
0
Suppose 2 = -g - 4. Let o = 4 + g. What is the units digit of 1/o*-4*1?
2
Let q be 1/(0 - (-2)/6). Suppose 0 = -2*d + 4, -d = -5*h - q + 1. Suppose h = 4*i - 2*o - 21 - 1, -3*o = 5*i. What is the units digit of i?
3
Suppose 12 = 5*u + 3*k, 1 - 13 = -u - 3*k. Suppose u*d = -d + 3. What is the units digit of d?
3
Let y be (-1)/2 + 27/18. What is the units digit of y/(-6) + (-122)/(-12)?
0
Let q(f) = 3*f**3 + 9*f**2 + 5*f + 7. Let h(t) = t**3 + 5*t**2 + 2*t + 4. Let r(d) = 5*h(d) - 2*q(d). What is the units digit of r(6)?
2
Let b(l) = 2*l - 6. Let j be b(7). Let k = 11 - j. What is the units digit of k?
3
Let l(r) = 3*r**2 - 8*r + 2. Let o be l(7). Let y = -53 + o. What is the tens digit of y?
4
Let f(i) = -i. Let p(z) = -8*z + 6. Let k(d) = -3*f(d) + p(d). Let m(n) = 5*n - 7. Let j(h) = -3*k(h) - 2*m(h). What is the tens digit of j(3)?
1
Let s(o) = -336*o - 6. What is the units digit of s(-1)?
0
Let g be 1112/12 - (-2)/(-3). Suppose -g = -4*q + q + 5*n, 3*q - 80 = 2*n. What is the tens digit of q?
2
Let p = 4 - 7. Let i(h) = -4*h + 2*h - 2*h - 2 + 3*h. What is the units digit of i(p)?
1
Suppose 2*t - 24 = 16. What is the units digit of t?
0
What is the tens digit of (-4665)/(-55) - (-2)/11?
8
Let j = -3 + 4. What is the units digit of j?
1
Let a be 2 - (-1 - -4)/(-3). Suppose -3*w + 4*o - a = -4*w, 4*w = -5*o + 12. Suppose 3*z + w*q = 9 + 3, -2 = 2*q. What is the units digit of z?
5
Suppose -5*z = -2*z. Suppose z = -2*l + 4*l + 5*a - 18, -2*l + 5*a = -38. What is the tens digit of l?
1
Suppose -13*p = -10*p - 3. What is the units digit of p?
1
Suppose l - 12 = -2*l. Suppose -4*y - 32 = -4*x, -l = -3*y + 4*y. Suppose 3*a - 2*k = 32, -a - x*a - 2*k = -32. What is the units digit of a?
8
Let r(m) = m**3 + 14*m**2 + 6*m - 36. What is the hundreds digit of r(-12)?
1
Suppose -5*p = -4*w - 7, 5*w = 5*p - 6 + 1. Let o = 4 - -1. Suppose p*v = 3*f - 33, o*f - 5*v - 41 = f. What is the units digit of f?
4
Let x(s) = -s**3 - 7*s**2 + 5. Let l = -29 - -43. Let r be l/(-2 - 0/3). What is the units digit of x(r)?
5
Let x(p) = p**2 + 3*p - 5. Let c be x(-4). What is the units digit of 6 - (2 - c) - 0?
3
Let f(r) = 8*r**2 + r - 4. What is the units digit of f(-2)?
6
Let u = -19 + 27. What is the units digit of 24/2*6/u?
9
Let g(v) = 20*v + 30. Let k(p) = 7*p + 10. Let n(x) = 6*g(x) - 17*k(x). Suppose 2*r = -0*r. What is the tens digit of n(r)?
1
Suppose 10*r - 4057 = -1227. What is the units digit of r?
3
Let o = 74 - 45. What is the tens digit of o?
2
Let z(p) = -p + 7. Let y be z(3). Suppose 4*x + y*g = 3*x - 17, -10 = 2*g. Suppose x*a + 5*m = 17, -3*a + m + 2*m = -9. What is the units digit of a?
4
Let j = 19 + 2. What is the tens digit of j?
2
Suppose 15 = -5*s, -34 - 156 = -4*k - 2*s. What is the units digit of k?
9
Suppose -7*m + 347 = 88. What is the tens digit of m?
3
Let a(m) = -m**3 - 8*m**2 - 9*m + 4. Let f be a(-7). Suppose -q - 6*x - 13 = -2*x, -3*q = 5*x + f. What is the units digit of (q + 11)/(2/1)?
5
Suppose -4*u + 5*u = 15. What is the tens digit of u?
1
Suppose 4*y + 11 = 59. Suppose 3*k + 0*k + y = 0, 0 = -5*r + k + 34. Let w = -2 + r. What is the units digit of w?
4
Let p be 1/(2/(-62))*1. Suppose 0 = -5*s - 3*b - 107, -2*b = s + 2*b + 18. Let a = s - p. What is the units digit of a?
9
Let v = -17 + 19. What is the units digit of v?
2
Let g(t) = 3*t + 2. Let l(q) = -q - 1. Let n(v) = -2*g(v) - 5*l(v). Let f be n(4). Let k(w) = -8*w - 4. What is the units digit of k(f)?
0
Let l(p) = p**2 + p - 2. Let j be l(2). Suppose 0 = j*x - f - 3, -2*x + 29 = 2*f + 3*f. Suppose 2*h = -x*h + 72. What is the units digit of h?
8
Suppose 3*i = 3*g - 2*g - 2, 0 = -4*i - 5*g + 29. What is the units digit of i?
1
Let t = 108 - 49. What is the units digit of t?
9
Suppose -154 = -b - 6*b. What is the units digit of b?
2
Let s(f) = f - 2. Let d be s(4). Let j be -13*3/(-3 + d). Suppose j = 4*z - z. What is the tens digit of z?
1
What is the units digit of 35*(46/10 - (-20)/(-5))?
1
Let l(w) = -w**2 + 6*w - 3. Let p be l(6). Let v = p + 1. Let f = v - -4. What is the units digit of f?
2
Let r(c) = 3*c**2 + 1. Let k be r(1). Suppose -k*m + 48 = -3*p - 2*p, 2*p + 12 = m. What is the units digit of m?
2
Let y = -20 + 25. Suppose -3*q + 4*q - 201 = -y*r, 2*r = 5*q + 75. What is the units digit of r?
0
Let a(k) = -k**2 - 7*k - 8. Let i be a(-6). Let j = 4 + i. Let z(m) = 3*m**2 - 3*m + 3. What is the units digit of z(j)?
9
Let p be ((-4)/6)/(1/(-3)). Let l(t) = 4*t**3 + 4*t - 3. What is the units digit of l(p)?
7
Let r(m) = 11*m**2 + 2*m - 1. What is the units digit of r(1)?
2
Let j = 7 + -12. Let x be 7 + 0 + (1 - 0). Let a = j + x. What is the units digit of a?
3
Let v be 1592/(-14) + (-6)/21. What is the tens digit of v/9*3/(-2)?
1
Let g = -14 - -19. Let h(l) = -2*l**3 - 2*l**2 + l. Let p be h(1). What is the units digit of g - (p - 0)*-1?
2
Let k(f) = -f**3 - f**2 + f + 9. Let c be k(0). Suppose -2*t + c = -39. What is the tens digit of t?
2
Let y be ((-2)/3)/(7/(-42)). Suppose u - 4*n - 28 = 0, -y*u + 57 + 68 = -3*n. What is the units digit of u?
2
What is the units digit of (45 - 2) + -9 + 5?
9
Suppose 4*m = 4*o - 28, 3*o - m = -0*m + 29. Suppose 120 = -7*l + o*l. What is the tens digit of l?
3
Let z(i) = -2*i**2 - 5*i - 3. Let j be z(-3). Let q be ((-2)/3)/(j/(-99)). Let k = q - -16. What is the units digit of k?
5
Let f(x) = -x**2 + 16. Let y(h) = h + 6. Let i be y(-6). Suppose i = -u + 6*u. What is the units digit of f(u)?
6
Let b(f) = -f**3 + 11*f**2 + 15*f - 18. Let i be b(12). Suppose -3*r + i = 3. What is the units digit of r?
5
Let k = 82 - 47. What is the units digit of k?
5
Suppose -7*y + 840 = 3*y. What is the tens digit of y?
8
Let a be (3 + -1)/(4 - 2). Suppose -1 = -l + a. What is the units digit of l?
2
Let i(a) = -a**2 - 9*a - 5. Let n be i(-8). Suppose n*z + z - 79 = -5*q, -z = -3*q + 61. What is the tens digit of q?
1
Let s = 20 - 2. What is the units digit of s?
8
Suppose -2*p = -4*r - 1 - 19, 2*r + 22 = -5*p. What is the units digit of 1/2*r*-3?
9
What is the units digit of (-2*(-3)/12)/((-3)/(-642))?
7
Let n(o) be the third derivative of -o**4/2 - o**3/6 + 3*o**2. What is the units digit of n(-1)?
1
Let o(t) = t**3 + 7*t**2 + 9. Suppose 12 = 4*x + 4. Let s = x - 9. What is the units digit of o(s)?
9
Suppose -2*b - 76 = -0*b. Let p = 58 + b. Suppose 0 = 3*z + z + p, 0 = 5*m - z - 35. What is the units digit of m?
6
Suppose 5*i + 0*i = -2*k + 107, -k + 46 = -5*i. What is the tens digit of k?
5
Let q = -2 + 2. Suppose -2*c - 2*a = 3*a - 26, q = -3*c - 4*a + 53. What is the tens digit of c?
2
Let w(s) = -s**2 + 4*s. Let v be w(3). Let h = v - 15. Let r = h + 21. Wh